ppose 59475 = 71*x - 66*x + 5*g, -2*x + 2*g = -23802. Let n = -7801 + x. Is n a prime number?
False
Let d = -23 - -21. Let y be (-1 - (-4 - d))/((-2)/(-14)). Is (8 - y) + (-2 + -35)*-4 a composite number?
False
Suppose 3*x - 4 = -2*w, 2 = w - x - 0. Let n(b) = -b**w - 43*b + 5 + 57*b**3 + 5*b**2 + 36*b. Is n(3) composite?
False
Let d(z) = 2*z**3 - 13*z**2 + 31*z - 1567. Is d(48) prime?
False
Let d(y) = 107*y - 126. Let h be d(17). Suppose 0*j + j + 2 = 0, -5*t = -4*j - h. Is t composite?
False
Let g be (1 - 7) + (13 - 4). Suppose g*y = -15, r - 3*y - y = 3887. Is r prime?
False
Let k(h) be the second derivative of -17*h**6/60 - h**5/10 - 7*h**4/24 - 3*h**3/2 + 19*h**2/2 - 10*h. Let u(v) be the first derivative of k(v). Is u(-4) prime?
True
Let x be ((-17458)/(-232))/(1/4). Let n = -92 + x. Is n composite?
True
Suppose -2*s - 208 = -216. Let a = -13 + 17. Suppose 4*o = a*b + 2252, -2*b + 2787 = o + s*o. Is o a prime number?
False
Suppose 3 = -5*v - 2. Let i be -4 + (1 - 1) - (-14)/v. Let n(f) = f**2 - 20*f - 3. Is n(i) a composite number?
True
Is (26/351 + 1204/(-216))/((-2)/87844) prime?
False
Let h = 167 - -2676. Let p = 9838 - h. Is p prime?
False
Let r = 1812 - 919. Let j = -1254 + r. Let k = -144 - j. Is k prime?
False
Let o(r) = -164 - 136*r + 62 + 79. Is o(-7) composite?
False
Suppose 0 = -5*g - 5*h + 125695 + 85875, 0 = -4*g - h + 169271. Is g prime?
False
Is (-2928589)/123*1*-6 prime?
False
Is ((-189816)/16 + 5)/((-1)/2) a composite number?
True
Let a(l) = 22*l**2 - 216*l - 765. Is a(-91) a prime number?
True
Suppose -828*s + 860*s - 3236384 = 0. Is s prime?
False
Let h be (-3)/((-4 - -3)/1). Suppose -45163 = -h*r - 4840. Is r a composite number?
False
Suppose 0*w + 3*z - 9 = -2*w, -2*z = 3*w - 6. Suppose w = -d + 4*d + q - 5720, -2*d + q + 3820 = 0. Suppose -9*c + d = 99. Is c a prime number?
False
Let k be (-7 - -1)*9/(-2). Let n = -23 + k. Suppose -n*p + 7*p = -s + 1450, -p + 475 = 2*s. Is p prime?
False
Let m(p) = 3*p**3 + 8*p**2 + 5*p - 17. Let y(o) = -3*o**3 - 9*o**2 - 5*o + 18. Let w(d) = -3*m(d) - 2*y(d). Is w(-9) prime?
False
Suppose 31*g - g = -1020. Let u(p) = p**3 + 34*p**2 - 16*p - 42. Is u(g) a prime number?
False
Suppose -5*m = -g - 4*g + 5970, -g = 4*m - 1204. Let d be 16/12*(-6)/(-4) + 3. Suppose -d*h + g + 59 = 0. Is h prime?
True
Let b be (9 + -26)*(-4)/2. Suppose 2*g + 10 - b = 0. Suppose -g - 1883 = -5*f. Is f prime?
True
Let n = 2427 - 576. Suppose n = 18*s - 2883. Is s composite?
False
Suppose 4*p = -28*p + 9*p + 37651. Is p a prime number?
True
Is (-25379805)/(-22)*10/75 composite?
False
Let c(m) = m**2 - 19*m + 10. Let i be c(10). Let j be ((-1)/(-2))/((-8)/i). Suppose 5*w - j*t = 730, 4*w - 602 = -2*t - 0*t. Is w composite?
False
Suppose 0 = -4*u + 20, u - 12120 = -0*o + 5*o. Let y = o - -4552. Is y prime?
True
Is 42/(-18) + (-8272356)/(-18) a composite number?
True
Suppose -4979743 = 35*l - 3300754 - 16266044. Is l composite?
True
Let p be ((-330)/(-40))/(3/9080). Suppose -9*i - i + p = 0. Is i a composite number?
True
Let f = 3015749 + -2092858. Is f composite?
True
Is ((47514936/(-16))/(-21)*-1)/(2/(-4)) prime?
True
Let y(a) = 138*a - 58. Let w be y(-25). Let g = w + 10565. Is g composite?
False
Let p = 73 + -79. Let b(m) = -73*m + 22. Let d be b(p). Suppose -42 = 2*s - d. Is s a prime number?
False
Suppose -3238 = 17*o - 1198. Is (-228096)/o - 2/(-10) a prime number?
True
Let b = -79 - -82. Suppose 12*g - 10629 = b*g. Is g prime?
True
Suppose -4*b + 6 = -10. Suppose 5*f = -4*v - 417, -5*f + 283 = -b*v - 84. Is (-16161)/(-7) + -7*4/v composite?
False
Suppose -3*s - 8 = -23. Suppose 0 = 4*g + 4*q - 1864, 16 - 1 = -s*q. Suppose 4*k = 3*k + g. Is k a composite number?
True
Let h(t) = -t**3 - 6*t**2 - 4*t + 12. Let d be h(-5). Let w(p) = -p**2 + 3*p + 32. Let m be w(d). Is 2650/30 - (-3)/(18/m) composite?
False
Let a be 7 + ((-3)/(-2))/(45/(-120)). Suppose -2*v - a*w = -40625, -26*v = -22*v - 5*w - 81239. Is v a prime number?
False
Let i(k) = -254*k**2 - 13*k + 2. Let n be i(4). Let o = 6543 + n. Is o prime?
False
Let p(w) = 8*w**3 - 6*w**3 - 13 + 2*w + 4*w**2 + w**2. Suppose 22 = 8*y - 5*y - 2*o, -32 = -4*y + 4*o. Is p(y) a prime number?
False
Suppose -12960 = -4*o + 4*a, 3*o + 0*a + 5*a = 9728. Is o a prime number?
False
Is -1 - 4 - (-4 + (-215040)/(8 + -4)) prime?
True
Suppose s = -3*q + 13830 + 21377, -2*s = -8*q - 70386. Is s a prime number?
True
Let t = 269668 + -89099. Is t composite?
False
Suppose 4*w - 600 = -16*w. Suppose 322801 = w*x - 629. Is x a composite number?
False
Let j = 68 + -69. Is 65020/5*(20/16 + j) prime?
True
Let g be (-2)/(-1) - 6*24/4. Is ((-508)/(-2))/(g/(-493)) composite?
True
Is 5837400/486 + 1/(-9) a composite number?
False
Suppose -13*u - 167677 = 29*u - 1528771. Is u prime?
False
Is ((1 + 718)*-1)/(3/(-3261)) a composite number?
True
Let s(n) = -n + 4 + 2*n + 0*n + 0*n. Let c be s(-1). Suppose c*v - 804 = 291. Is v a composite number?
True
Let c(a) = 7619*a**3 + 2*a**2 - 62*a + 164. Is c(3) prime?
False
Let o be (-69*(-995)/15)/1. Let j = o + -3050. Is j a composite number?
True
Let m = 6918 + 61. Is m composite?
True
Let l(h) = -34*h - 4 + 16*h + 23*h - 5 + 2*h**2. Let t be l(-4). Suppose 431 + 580 = t*w. Is w a composite number?
False
Let s = 513625 + -177272. Is s prime?
True
Let w(b) = -2*b - 18. Let v be w(-11). Suppose 128 = 4*f + 8*q - v*q, q - 62 = -2*f. Let i = 40 - f. Is i prime?
False
Suppose 12277652 = -105*j + 37653107. Is j a composite number?
True
Let z(s) = 36405*s - 2757. Is z(12) prime?
False
Let c(m) = -m**2 + m + 2. Let w be c(2). Suppose -5*x + 2*t - t = -2690, w = -2*x - 3*t + 1076. Suppose 5*r = 4*r + x. Is r a prime number?
False
Let l be (5/(-5))/((-2 + 4)/(-2)). Let k be (-3 - 0 - l*-4) + 4. Suppose 5*w = -k*b + 4525, 4*b - 4 = 12. Is w a prime number?
False
Suppose -t - w = -2*t, t - 12 = -3*w. Suppose 22*r - 69773 = 24167. Suppose t*s - r = -73. Is s a prime number?
True
Suppose q - 7997 = 10288. Suppose q = 9*n - 2361. Suppose a + a = n. Is a composite?
True
Let m = -34263 + 42904. Is m composite?
False
Is (2692/6)/(14/(-6) + 3) composite?
False
Suppose -26*s - 20 = -21*s. Let b be 1 + 2/(-10) - s/(-5). Suppose 2*p + n = 632, -n - 636 = -b*p - 2*p. Is p prime?
True
Suppose 3*s + q = 1435436, 0 = 9*s - 12*s - 4*q + 1435415. Is s a composite number?
False
Let b = -172175 - -369838. Is b a prime number?
False
Suppose q + 3 = 0, 3*f + q = 5*f + 67. Let y = -36 - f. Is y*(-2 - -5)*3771/(-27) prime?
True
Let i(a) = a**3 - 8*a**2 + 9*a - 18. Let p be i(7). Let l be -1*(-2382)/30 + p/10. Let o = l + -42. Is o composite?
False
Let l(w) be the first derivative of -w**4/4 + w**3 + 3*w**2/2 + 3*w - 3. Let k be l(4). Is -17 - -178 - (-4)/k composite?
False
Let g(r) = 12*r**2 - 5*r + 5. Let q be g(8). Let y = 36 + q. Is y a prime number?
True
Suppose 4*q + 8 - 16 = 0. Suppose 2*l = -3*l - 2*f - 29, q*l + 8 = -2*f. Is (-797)/(-5 - (l + 3)) composite?
False
Is 301725 - (((-20)/(-4) - 8) + 5) prime?
False
Let q be (14/21)/(8/(-60)). Is (q - 1)*(-54106)/156 prime?
True
Suppose -6*c - 1508081 = -5*n, -4*n + 253274 = -c - 953206. Is n a prime number?
False
Let t(b) = -5*b - 9. Let d be t(0). Let n(v) = 19*v**2 + 2*v - 14. Is n(d) prime?
False
Suppose -9*s + 2*s = -84. Suppose -10*m = -s*m + 2110. Is m a composite number?
True
Let c = -144531 + 202552. Suppose 19*k - c = 20696. Is k a composite number?
True
Let k(r) = 60*r**2 + 43*r + 34. Is k(-27) a prime number?
False
Let y(m) = -37161*m + 4823. Is y(-14) a composite number?
True
Let c(w) = 145*w**2 - 3*w + 2. Let p be c(1). Let h = p - 95. Is h a composite number?
True
Let h be ((-30)/(-1))/(5/(70/4)). Is (-84)/h + 6719/5 a composite number?
True
Let r(u) = 5882*u + 1845. Is r(14) a prime number?
False
Let f = 747964 - 270493. Is f a prime number?
False
Suppose 5*y = 2*u - 66, -5*y + 3*y - 2*u = 18. Let p be (7/14)/(2/y) + 17149. Suppose 0 = 3*b - 3*q + 4*q - 12869, 4*b - 5*q - p = 0. Is b a composite number?
False
Let j = -180159 + 378106. Is j a prime number?
True
Let j(v) = 3*v**3 - 14*v**2 + 6*v - 32. Suppose 0*p - 3*p + 2*a = -29, -p = -2*a - 7. Is j(p) a composite number?
False
Suppose -4*z + 60 = -f - 108, 5*z + f = 210. Let h be ((-1568)/6)/((-7)/z). Is (h - -1)/3 + -4 composite?
True
Let t(d) = -d**3 + 6